{"id":543,"date":"2020-01-10T15:40:20","date_gmt":"2020-01-10T14:40:20","guid":{"rendered":"https:\/\/www.jennifer-laessig.de\/?post_type=product&#038;p=543"},"modified":"2024-09-16T07:53:37","modified_gmt":"2024-09-16T05:53:37","slug":"postkarte-lebensweg-eisenbahnschiene","status":"publish","type":"product","link":"https:\/\/www.jennifer-laessig.de\/?product=postkarte-lebensweg-eisenbahnschiene","title":{"rendered":"Postkarte Lebensweg Eisenbahnschiene"},"content":{"rendered":"<p style=\"text-align: center;\"><em>Wer kennt sie nicht die Situationen im Leben, die nicht immer optimal verlaufen?<\/em><\/p>\n<p style=\"text-align: center;\"><em>Wege, die nicht immer klar definiert und manchmal auch verworren sind?<\/em><\/p>\n<p style=\"text-align: center;\"><em>Und trotzdem geben wir nicht auf!<\/em><\/p>\n<p style=\"text-align: center;\"><em>Diese Gru\u00dfkarte ist der perfekte kleine &#8220;Mutmacher&#8221; f\u00fcr Zwischendurch!<\/em><\/p>\n<p style=\"text-align: center;\"><em>Diese Karte im matten Druck ist 13,9 x 10,7 cm gro\u00df und bestimmt beim Verschicken und Verschenken ein besonderes Highlight!<\/em><\/p>\n","protected":false},"excerpt":{"rendered":"<p>Wer kennt sie nicht die Situationen im Leben, die nicht immer optimal verlaufen? Wege, die nicht immer klar definiert und manchmal auch verworren sind? Und trotzdem geben wir nicht auf! Diese Gru\u00dfkarte ist der perfekte kleine &#8220;Mutmacher&#8221; f\u00fcr Zwischendurch! Diese Karte im matten Druck ist 13,9 x 10,7 cm gro\u00df [&hellip;]<\/p>\n","protected":false},"featured_media":544,"comment_status":"open","ping_status":"closed","template":"","meta":[],"product_cat":[19],"product_tag":[],"class_list":{"0":"post-543","1":"product","2":"type-product","3":"status-publish","4":"has-post-thumbnail","6":"product_cat-postkarten","8":"first","9":"instock","10":"shipping-taxable","11":"purchasable","12":"product-type-simple"},"_links":{"self":[{"href":"https:\/\/www.jennifer-laessig.de\/index.php?rest_route=\/wp\/v2\/product\/543"}],"collection":[{"href":"https:\/\/www.jennifer-laessig.de\/index.php?rest_route=\/wp\/v2\/product"}],"about":[{"href":"https:\/\/www.jennifer-laessig.de\/index.php?rest_route=\/wp\/v2\/types\/product"}],"replies":[{"embeddable":true,"href":"https:\/\/www.jennifer-laessig.de\/index.php?rest_route=%2Fwp%2Fv2%2Fcomments&post=543"}],"wp:featuredmedia":[{"embeddable":true,"href":"https:\/\/www.jennifer-laessig.de\/index.php?rest_route=\/wp\/v2\/media\/544"}],"wp:attachment":[{"href":"https:\/\/www.jennifer-laessig.de\/index.php?rest_route=%2Fwp%2Fv2%2Fmedia&parent=543"}],"wp:term":[{"taxonomy":"product_cat","embeddable":true,"href":"https:\/\/www.jennifer-laessig.de\/index.php?rest_route=%2Fwp%2Fv2%2Fproduct_cat&post=543"},{"taxonomy":"product_tag","embeddable":true,"href":"https:\/\/www.jennifer-laessig.de\/index.php?rest_route=%2Fwp%2Fv2%2Fproduct_tag&post=543"}],"curies":[{"name":"wp","href":"https:\/\/api.w.org\/{rel}","templated":true}]}}